{"id":39,"date":"2011-05-30T07:24:26","date_gmt":"2011-05-30T05:24:26","guid":{"rendered":"http:\/\/localhost\/wordpress\/?page_id=39"},"modified":"2026-01-02T13:27:05","modified_gmt":"2026-01-02T13:27:05","slug":"downloads","status":"publish","type":"page","link":"http:\/\/sv-luftfahrt-berlin.de\/?page_id=39","title":{"rendered":"Downloads"},"content":{"rendered":"\n<h2>Verein<\/h2>\n<p><a href=\"https:\/\/sv-luftfahrt-berlin.de\/wp-content\/uploads\/2024\/06\/Aufnahmeantrag_mit_Medienerlaubnis_2024.pdf\" target=\"_blank\" rel=\"noopener\">Aufnahmeantrag inklusive Einverst\u00e4ndniserkl\u00e4rung zur Bildnutzung<\/a><br><a href=\"https:\/\/sv-luftfahrt-berlin.de\/wp-content\/uploads\/2024\/06\/20210221_Satzung-des-Sportvereins-Luftfahrt-Berlin-eV_Neugefasst.pdf\">Satzung des Sportvereins Luftfahrt Berlin e.V.<\/a> (Stand 2021)&nbsp;<br><a href=\"http:\/\/sv-luftfahrt-berlin.de\/wp-content\/uploads\/2025\/11\/Beitragsordnung_2026.pdf\" target=\"_blank\" rel=\"noopener\">Beitragsordnung<\/a> (Stand 2026)<br><a href=\"https:\/\/sv-luftfahrt-berlin.de\/wp-content\/uploads\/2024\/06\/Medienerlaubnis_SVL_2024.pdf\" target=\"_blank\" rel=\"noopener\">Einverst\u00e4ndniserkl\u00e4rung zur Bildnutzung<\/a><\/p>\n\n\n\n<h2>Staatliche F\u00f6rderung f\u00fcr Vereinsmitgliedschaften<\/h2>\n<p>Mit den M\u00f6glichkeiten des Bildungspakets ist eine Mitgliedschaft bei uns vollst\u00e4ndig finanzierbar. <br><a href=\"https:\/\/www.berlin.de\/sen\/bjf\/hilfe-und-unterstuetzung\/bildungspaket\/\" target=\"_blank\" rel=\"noopener\">Informationsseite der Senatsverwaltung<\/a><\/p>\n\n\n\n<h2><span>Pr\u00fcfungsunterlagen<\/span><\/h2>\n<p><a href=\"https:\/\/sv-luftfahrt-berlin.de\/wp-content\/uploads\/2024\/04\/8.Kyu_SVLuftfahrt.pdf\" target=\"_blank\" rel=\"noopener\">Pr\u00fcfungsunterlagen 8. Kyu<\/a> (wei\u00df-gelb)<br><a href=\"https:\/\/sv-luftfahrt-berlin.de\/wp-content\/uploads\/2024\/04\/7.Kyu_SVLuftfahrt.pdf\" target=\"_blank\" rel=\"noopener\">Pr\u00fcfungsunterlagen 7. Kyu<\/a> (gelb)<br><a href=\"https:\/\/sv-luftfahrt-berlin.de\/wp-content\/uploads\/2024\/04\/6.Kyu_SVLuftfahrt.pdf\" target=\"_blank\" rel=\"noopener\">Pr\u00fcfungsunterlagen 6. Kyu<\/a> (gelb-orange)<br><a href=\"https:\/\/sv-luftfahrt-berlin.de\/wp-content\/uploads\/2024\/04\/5.Kyu_SVLuftfahrt.pdf\" target=\"_blank\" rel=\"noopener\">Pr\u00fcfungsunterlagen 5. Kyu<\/a> (orange)<br><a href=\"https:\/\/sv-luftfahrt-berlin.de\/wp-content\/uploads\/2024\/04\/4.Kyu_SVLuftfahrt.pdf\" target=\"_blank\" rel=\"noopener\">Pr\u00fcfungsunterlagen 4. Kyu<\/a> (orange-gr\u00fcn)<br><a href=\"https:\/\/sv-luftfahrt-berlin.de\/wp-content\/uploads\/2024\/04\/3.Kyu_SVLuftfahrt.pdf\" target=\"_blank\" rel=\"noopener\">Pr\u00fcfungsunterlagen 3. Kyu<\/a> (gr\u00fcn)<br><a href=\"https:\/\/sv-luftfahrt-berlin.de\/wp-content\/uploads\/2024\/04\/2.Kyu_SVLuftfahrt.pdf\" target=\"_blank\" rel=\"noopener\">Pr\u00fcfungsunterlagen 2. Kyu<\/a> (blau)<br><a href=\"https:\/\/sv-luftfahrt-berlin.de\/wp-content\/uploads\/2024\/04\/1.Kyu_SVLuftfahrt.pdf\" target=\"_blank\" rel=\"noopener\">Pr\u00fcfungsunterlagen 1. Kyu<\/a> (braun)<br>Hinweis: Das Kyuprogramm bietet die M\u00f6glichkeit, innerhalb des Vereins \u00fcber die Grundanforderung des DJB hinauszugehen. Daher handelt es sich hier um die von uns angepassten Anforderungen. <br><br><a href=\"https:\/\/www.judobund.de\/fileadmin\/_horusdam\/488-DJB_Dan-Programm_2011.pdf\">Dan Pr\u00fcfungsunterlagen 1. &#8211; 5. Dan<\/a> (bis 2024)&nbsp; <br><a href=\"https:\/\/www.judobund.de\/fileadmin\/user_upload\/judobund.de\/Downloads\/Regeln_und_Ordnungen\/Anforderungen_fuer_Dan-Grade_2024.pdf\" target=\"_blank\" rel=\"noopener\">Dan Pr\u00fcfungsunterlagen (1. &#8211; 6. Dan)<\/a> (ab 2024)&nbsp;<br><a href=\"https:\/\/www.judobund.de\/fileadmin\/_horusdam\/487-Begleitmaterial_DanPO_DJB_Mai2011.pdf\">Dan Begleitskript<\/a><br><br>Weiterf\u00fchrende Links: <br><a href=\"https:\/\/www.judobund.de\/bildung\/graduierungssystem\/dan-graduierungssystem\/graduierungsmaterialien\" target=\"_blank\" rel=\"noopener\">DJB Kyu Graduierungsmaterialien<\/a><br><a href=\"https:\/\/www.judobund.de\/bildung\/graduierungssystem\/dan-graduierungssystem\" target=\"_blank\" rel=\"noopener\">DJB Dan Graduierungssystem<\/a><\/p>\n\n\n\n<h2>DJB Wettkampfregeln<\/h2>\n<p><a href=\"https:\/\/www.judobund.de\/fileadmin\/user_upload\/judobund.de\/Downloads\/Regeln_und_Ordnungen\/19486-DJB-Kampfregeln_2023-Ueberarbeitet-06.04.2023.pdf\" target=\"_blank\" rel=\"noopener\">Regelwerk<\/a> (Stand April 2023)<br><a href=\"https:\/\/www.judobund.de\/fileadmin\/user_upload\/judobund.de\/Downloads\/Regeln_und_Ordnungen\/2024-01_Jugendregeln_DJB.pdf\" target=\"_blank\" rel=\"noopener\">\u00dcbersicht Jugendregelungen<\/a> (Stand Januar 2024)<br><a href=\"https:\/\/www.judobund.de\/fileadmin\/user_upload\/judobund.de\/Downloads\/Regeln_und_Ordnungen\/20251-DJB-WKO_nach_MV_2022_neu_Stand_19.10.23.pdf\" target=\"_blank\" rel=\"noopener\">Wettkampfordnung<\/a> (Stand Oktober 2023)<\/p>\n","protected":false},"excerpt":{"rendered":"<p>Verein Aufnahmeantrag inklusive Einverst\u00e4ndniserkl\u00e4rung zur BildnutzungSatzung des Sportvereins Luftfahrt Berlin e.V. (Stand 2021)&nbsp;Beitragsordnung (Stand 2026)Einverst\u00e4ndniserkl\u00e4rung zur Bildnutzung Staatliche F\u00f6rderung f\u00fcr<\/p>\n","protected":false},"author":1,"featured_media":0,"parent":0,"menu_order":0,"comment_status":"closed","ping_status":"open","template":"","meta":{"colormag_page_container_layout":"default_layout","colormag_page_sidebar_layout":"default_layout","ngg_post_thumbnail":0,"footnotes":""},"class_list":["post-39","page","type-page","status-publish","hentry"],"_links":{"self":[{"href":"http:\/\/sv-luftfahrt-berlin.de\/index.php?rest_route=\/wp\/v2\/pages\/39","targetHints":{"allow":["GET"]}}],"collection":[{"href":"http:\/\/sv-luftfahrt-berlin.de\/index.php?rest_route=\/wp\/v2\/pages"}],"about":[{"href":"http:\/\/sv-luftfahrt-berlin.de\/index.php?rest_route=\/wp\/v2\/types\/page"}],"author":[{"embeddable":true,"href":"http:\/\/sv-luftfahrt-berlin.de\/index.php?rest_route=\/wp\/v2\/users\/1"}],"replies":[{"embeddable":true,"href":"http:\/\/sv-luftfahrt-berlin.de\/index.php?rest_route=%2Fwp%2Fv2%2Fcomments&post=39"}],"version-history":[{"count":20,"href":"http:\/\/sv-luftfahrt-berlin.de\/index.php?rest_route=\/wp\/v2\/pages\/39\/revisions"}],"predecessor-version":[{"id":14883,"href":"http:\/\/sv-luftfahrt-berlin.de\/index.php?rest_route=\/wp\/v2\/pages\/39\/revisions\/14883"}],"wp:attachment":[{"href":"http:\/\/sv-luftfahrt-berlin.de\/index.php?rest_route=%2Fwp%2Fv2%2Fmedia&parent=39"}],"curies":[{"name":"wp","href":"https:\/\/api.w.org\/{rel}","templated":true}]}}