{"id":7030,"date":"2015-06-20T18:31:56","date_gmt":"2015-06-20T18:31:56","guid":{"rendered":"http:\/\/sv-luftfahrt-berlin.de\/?page_id=7030"},"modified":"2017-09-11T08:57:47","modified_gmt":"2017-09-11T08:57:47","slug":"neue-vereinskollektion","status":"publish","type":"page","link":"http:\/\/sv-luftfahrt-berlin.de\/?page_id=7030","title":{"rendered":"Neue Vereinskollektion"},"content":{"rendered":"<p><a href=\"http:\/\/sv-luftfahrt-berlin.de\/wp-content\/uploads\/2015\/06\/Jacke_Jako_striker.png\"><img loading=\"lazy\" decoding=\"async\" class=\" wp-image-9080 alignleft\" src=\"http:\/\/sv-luftfahrt-berlin.de\/wp-content\/uploads\/2015\/06\/Jacke_Jako_striker-252x300.png\" alt=\"jacke_jako_striker\" width=\"97\" height=\"114\" \/><\/a>Hier gehts zur Bestellseite: \u00a0 \u00a0\u00a0<a href=\"https:\/\/vereinskollektionen.cawila.de\/alle-vereine\/luftfahrt-berlin\/\">Online-Shop Vereinskollektion<\/a><\/p>\n<p>F\u00fcr die Gr\u00f6\u00dfenbestimmung k\u00f6nnt Ihr diese Tabelle nutzen:<\/p>\n<p><a href=\"https:\/\/www.jako.de\/de\/groessentabellen\/\" target=\"_blank\" rel=\"noopener\">https:\/\/www.jako.de\/de\/groessentabellen\/<\/a><\/p>\n","protected":false},"excerpt":{"rendered":"<p>Hier gehts zur Bestellseite: \u00a0 \u00a0\u00a0Online-Shop Vereinskollektion F\u00fcr die Gr\u00f6\u00dfenbestimmung k\u00f6nnt Ihr diese Tabelle nutzen: https:\/\/www.jako.de\/de\/groessentabellen\/<\/p>\n","protected":false},"author":1,"featured_media":0,"parent":0,"menu_order":0,"comment_status":"closed","ping_status":"closed","template":"","meta":{"colormag_page_container_layout":"default_layout","colormag_page_sidebar_layout":"default_layout","ngg_post_thumbnail":0,"footnotes":""},"class_list":["post-7030","page","type-page","status-publish","hentry"],"_links":{"self":[{"href":"http:\/\/sv-luftfahrt-berlin.de\/index.php?rest_route=\/wp\/v2\/pages\/7030","targetHints":{"allow":["GET"]}}],"collection":[{"href":"http:\/\/sv-luftfahrt-berlin.de\/index.php?rest_route=\/wp\/v2\/pages"}],"about":[{"href":"http:\/\/sv-luftfahrt-berlin.de\/index.php?rest_route=\/wp\/v2\/types\/page"}],"author":[{"embeddable":true,"href":"http:\/\/sv-luftfahrt-berlin.de\/index.php?rest_route=\/wp\/v2\/users\/1"}],"replies":[{"embeddable":true,"href":"http:\/\/sv-luftfahrt-berlin.de\/index.php?rest_route=%2Fwp%2Fv2%2Fcomments&post=7030"}],"version-history":[{"count":9,"href":"http:\/\/sv-luftfahrt-berlin.de\/index.php?rest_route=\/wp\/v2\/pages\/7030\/revisions"}],"predecessor-version":[{"id":10124,"href":"http:\/\/sv-luftfahrt-berlin.de\/index.php?rest_route=\/wp\/v2\/pages\/7030\/revisions\/10124"}],"wp:attachment":[{"href":"http:\/\/sv-luftfahrt-berlin.de\/index.php?rest_route=%2Fwp%2Fv2%2Fmedia&parent=7030"}],"curies":[{"name":"wp","href":"https:\/\/api.w.org\/{rel}","templated":true}]}}

<p><a href="http://sv-luftfahrt-berlin.de/wp-content/uploads/2015/06/Jacke_Jako_striker.png"><img loading="lazy" decoding="async" class=" wp-image-9080 alignleft" src="http://sv-luftfahrt-berlin.de/wp-content/uploads/2015/06/Jacke_Jako_striker-252x300.png" alt="jacke_jako_striker" width="97" height="114" /></a>Hier gehts zur Bestellseite:     <a href="https://vereinskollektionen.cawila.de/alle-vereine/luftfahrt-berlin/">Online-Shop Vereinskollektion</a></p>
<p>Für die Größenbestimmung könnt Ihr diese Tabelle nutzen:</p>
<p><a href="https://www.jako.de/de/groessentabellen/" target="_blank" rel="noopener">https://www.jako.de/de/groessentabellen/</a></p>

<p>Hier gehts zur Bestellseite:     Online-Shop Vereinskollektion Für die Größenbestimmung könnt Ihr diese Tabelle nutzen: https://www.jako.de/de/groessentabellen/</p>
