{"id":12479,"date":"2020-01-07T17:12:51","date_gmt":"2020-01-07T17:12:51","guid":{"rendered":"http:\/\/sv-luftfahrt-berlin.de\/?post_type=tribe_events&#038;p=12479"},"modified":"2020-04-17T15:59:04","modified_gmt":"2020-04-17T15:59:04","slug":"gallia-turnier-u17-m-f-ue30-ue40-ue50","status":"publish","type":"tribe_events","link":"http:\/\/sv-luftfahrt-berlin.de\/?tribe_events=gallia-turnier-u17-m-f-ue30-ue40-ue50","title":{"rendered":"Abgesagt: Gallia Turnier (u17, M\/F, \u00fc30, \u00fc40, \u00fc50)"},"content":{"rendered":"<p><a href=\"http:\/\/www.judo-svg.at\/images\/sampledata\/ausschreibungen\/2020\/gjt19.pdf\" rel=\"noopener noreferrer\" target=\"_blank\">Ausschreibung<\/a><\/p>\n<p><a href=\"https:\/\/docs.google.com\/forms\/d\/e\/1FAIpQLSef8wcKBHi4n2SgD5xWv7jTQFehwnJaw7n94Cls0clcBJy2Aw\/viewform?usp=sf_link\" rel=\"noopener noreferrer\" target=\"_blank\">Umfrage<\/a><\/p>\n","protected":false},"excerpt":{"rendered":"<p>Ausschreibung Umfrage<\/p>\n","protected":false},"author":3,"featured_media":0,"template":"","meta":{"colormag_page_container_layout":"default_layout","colormag_page_sidebar_layout":"default_layout","ngg_post_thumbnail":0,"_tribe_events_status":"","_tribe_events_status_reason":"","footnotes":""},"tags":[],"tribe_events_cat":[40,34,47,41],"class_list":["post-12479","tribe_events","type-tribe_events","status-publish","hentry","tribe_events_cat-m-f","tribe_events_cat-turnier","tribe_events_cat-u17","tribe_events_cat-ue30","cat_m-f","cat_turnier","cat_u17","cat_ue30"],"_links":{"self":[{"href":"http:\/\/sv-luftfahrt-berlin.de\/index.php?rest_route=\/wp\/v2\/tribe_events\/12479","targetHints":{"allow":["GET"]}}],"collection":[{"href":"http:\/\/sv-luftfahrt-berlin.de\/index.php?rest_route=\/wp\/v2\/tribe_events"}],"about":[{"href":"http:\/\/sv-luftfahrt-berlin.de\/index.php?rest_route=\/wp\/v2\/types\/tribe_events"}],"author":[{"embeddable":true,"href":"http:\/\/sv-luftfahrt-berlin.de\/index.php?rest_route=\/wp\/v2\/users\/3"}],"version-history":[{"count":4,"href":"http:\/\/sv-luftfahrt-berlin.de\/index.php?rest_route=\/wp\/v2\/tribe_events\/12479\/revisions"}],"predecessor-version":[{"id":12583,"href":"http:\/\/sv-luftfahrt-berlin.de\/index.php?rest_route=\/wp\/v2\/tribe_events\/12479\/revisions\/12583"}],"wp:attachment":[{"href":"http:\/\/sv-luftfahrt-berlin.de\/index.php?rest_route=%2Fwp%2Fv2%2Fmedia&parent=12479"}],"wp:term":[{"taxonomy":"post_tag","embeddable":true,"href":"http:\/\/sv-luftfahrt-berlin.de\/index.php?rest_route=%2Fwp%2Fv2%2Ftags&post=12479"},{"taxonomy":"tribe_events_cat","embeddable":true,"href":"http:\/\/sv-luftfahrt-berlin.de\/index.php?rest_route=%2Fwp%2Fv2%2Ftribe_events_cat&post=12479"}],"curies":[{"name":"wp","href":"https:\/\/api.w.org\/{rel}","templated":true}]}}

Abgesagt: Gallia Turnier (u17, M/F, ü30, ü40, ü50)
